7
10064156
-1311132210 (base 4) to base 7
-4042611
Convert -f93ad (base 16) to base 5.
-230131340
Convert -112220211202222 (base 3) to base 14.
-10a58d4
What is 211121103 (base 4) in base 14?
3db6b
Convert -30031021 (base 4) to base 6.
-1023241
Convert -39269 (base 11) to base 10.
-56219
-48ab0 (base 12) to base 13
-359b8
-3ecbd (base 15) to base 6
-4155111
-54251a (base 11) to base 7
-10241003
What is -34530140 (base 7) in base 16?
-2e45dc
Convert -140438 (base 9) to base 6.
-1500312
What is 7633282 (base 9) in base 8?
17500747
What is 213765 (base 9) in base 11?
87854
20012021210 (base 3) to base 6
2340333
614342 (base 10) to base 16
95fc6
938a4 (base 12) to base 4
233020330
-134424043 (base 7) to base 6
-512101351
Convert -16a276 (base 14) to base 12.
-324968
What is -1408159 (base 11) in base 10?
-2426598
What is -3431313242 (base 5) in base 14?
-103d974
What is -122221222001 (base 3) in base 4?
-1112110003
-41233476 (base 8) to base 7
-134131102
Convert -1195dd8 (base 14) to base 16.
-809ffa
What is -252455124 (base 6) in base 5?
-2223002230
What is 1996983 (base 10) in base 5?
1002400413
-773a4 (base 12) to base 2
-100110100001101100
Convert 1065873 (base 10) to base 8.
4041621
What is -300112211 (base 4) in base 15?
-3da38
-59993 (base 13) to base 8
-500573
Convert -21205104 (base 7) to base 8.
-6673665
-200034412 (base 6) to base 3
-20022220201122
What is 157d0 (base 16) in base 10?
88016
-41ab0 (base 16) to base 3
-111122222002
-22110020021011 (base 3) to base 10
-4492291
What is 502346 (base 7) in base 9?
138415
Convert -27751 (base 11) to base 12.
-1aa3a
Convert 5395a93 (base 11) to base 8.
44124766
110110000001001010 (base 2) to base 14
5a8c2
Convert -2407ad (base 15) to base 6.
-100532444
-ada70 (base 15) to base 10
-552480
1000300120 (base 4) to base 8
1006030
Convert -51691 (base 12) to base 7.
-622102
What is -7049 (base 10) in base 14?
-27d7
-223641 (base 9) to base 16
-20b2a
Convert 101121021111120 (base 3) to base 12.
1a78a73
Convert -9b4a5c (base 16) to base 11.
-5821244
22212333332 (base 4) to base 14
52579c
-20222202121 (base 3) to base 4
-201212020
165c1e (base 16) to base 2
101100101110000011110
Convert 200430 (base 11) to base 10.
322619
Convert 1222330 (base 4) to base 16.
1abc
-568f8 (base 16) to base 8
-1264370
1473731 (base 9) to base 11
508373
479da (base 14) to base 2
101010101011101100
What is 66f (base 16) in base 10?
1647
Convert -10166422 (base 9) to base 7.
-56350124
What is -522777 (base 8) in base 15?
-36662
Convert -ad72ac (base 14) to base 10.
-5897400
What is -645308 (base 10) in base 15?
-cb308
Convert -169a2c7 (base 13) to base 2.
-11011111110100011000111
Convert 87908 (base 11) to base 4.
133020312
-24044242 (base 5) to base 14
-5aba6
Convert -551205415 (base 6) to base 12.
-337686b
What is -1425 (base 14) in base 3?
-11212220
21202212012122 (base 3) to base 9
7685178
What is -545315 (base 6) in base 16?
-b0cf
43a483 (base 12) to base 4
10012210203
What is -16a5208 (base 11) in base 7?
-33401050
What is 2356897 (base 10) in base 7?
26014264
What is -37203167 (base 8) in base 14?
-1134051
What is 16a70a8 (base 11) in base 16?
2c2790
Convert 2212022202100 (base 3) to base 12.
614930
-164536 (base 8) to base 11
-40981
What is 352555153 (base 6) in base 7?
106625601
-1782383 (base 10) to base 5
-424014013
What is -123032313130 (base 4) in base 13?
-162c43c
What is -6a760 (base 13) in base 10?
-194597
What is 21021a8 (base 13) in base 5?
10031421422
Convert 127638 (base 11) to base 16.
30ee1
58430 (base 11) to base 9
137654
Convert 1657 (base 14) to base 9.
5431
What is -60742 (base 14) in base 8?
-704766
-ad7c (base 14) to base 16
-7592
What is 6919 (base 10) in base 14?
2743
28ab74 (base 14) to base 12
58162a
Convert d1c87 (base 14) to base 8.
1731457
Convert 11100202221101 (base 3) to base 12.
939654
70231406 (base 8) to base 11
8370446
1002200001121022 (base 3) to base 2
111100001001011011010100
What is 1c7a34 (base 13) in base 14?
150641
Convert -16db78 (base 15) to base 4.
-10032321110
Convert -472715 (base 11) to base 15.
-ec446
-1110000000010011101 (base 2) to base 13
-130b59
545115 (base 9) to base 10
325229
-112000121221222 (base 3) to base 4
-130123131323
33233321100 (base 4) to base 5
2024101321
Convert 909bb (base 12) to base 8.
557237
-11343212 (base 6) to base 3
-200002002222
1011b (base 13) to base 4
13001102
Convert 2585638 (base 9) to base 3.
2122212201022
What is -4031a (base 12) in base 8?
-242706
Convert 1404640 (base 7) to base 3.
100110221001
What is 24351051 (base 7) in base 11?
125a261
13260336 (base 7) to base 3
2022012221200
What is c7925 (base 15) in base 14?
126a77
Convert 2698 (base 12) to base 11.
3373
Convert -1110110011010001 (base 2) to base 6.
-1144401
Convert 2026050 (base 7) to base 8.
731021
Convert -315011552 (base 6) to base 3.
-101110011100212
Convert -2111012000012 (base 3) to base 5.
-314304121
-1474466 (base 9) to base 5
-202114424
3c63 (base 15) to base 5
403133
-20233203111 (base 4) to base 16
-22f8d5
Convert 301213330 (base 4) to base 5.
23001020
What is 4701281 (base 9) in base 13?
6ac201
-2231210 (base 6) to base 14
-2d2aa
b3610 (base 12) to base 7
1663446
1211222231 (base 4) to base 9
704208
What is 83765 (base 15) in base 13?
117932
Convert -6884481 (base 9) to base 15.
-4d6444
Convert -4fd26 (base 16) to base 13.
-b5a80
Convert 24302323 (base 6) to base 4.
2330011023
Convert 120243 (base 9) to base 8.
215264
What is 98a36 (base 13) in base 8?
1033610
1312042 (base 6) to base 12
35622
Convert -1313312022 (base 4) to base 9.
-827333
Convert 4e74d (base 15) to base 12.
10159a
What is -6904a0 (base 14) in base 13?
-981783
-12153144 (base 6) to base 13
-10791a
-31200230 (base 4) to base 3
-2210220122
What is 1030701 (base 8) in base 7?
2223255
Convert -aec45 (base 16) to base 11.
-449909
-33412233 (base 5) to base 10
-294693
Convert -1423b (base 15) to base 8.
-176167
Convert 21012121232 (base 4) to base 5.
1102314033
What is -141833 (base 10) in base 11?
-9761a
16c65 (base 14) to base 7
326055
Convert 2223433 (base 5) to base 15.
b963
What is 2111012131 (base 4) in base 15?
c0e47
Convert -64345 (base 13) to base 7.
-1351606
Convert 1709a8 (base 15) to base 9.
2080685
-33125 (base 7) to base 14
-304c
Convert 121020221110 (base 3) to base 7.
2501625
Convert -80828 (base 13) to base 10.
-229874
What is 2394 (base 13) in base 12?
2aa6
What is 182369 (base 12) in base 13?
11875b
What is 112200111111 (base 3) in base 11?
188191
What is 1011202120022 (base 3) in base 13?
18b729
1100001110110111101000 (base 2) to base 16
30ede8
-3322302 (base 5) to base 7
-330410
Convert 1122220212111 (base 3) to base 6.
30541234
Convert -10011220020122 (base 3) to base 16.
-19cc6a
-1212221001 (base 3) to base 15
-b001
Convert -101403100 (base 5) to base 11.
-266a06
Convert -13343321 (base 6) to base 3.
-211211011111
Convert -1658644 (base 10) to base 14.
-312668
979069 (base 10) to base 13
283840
-23326 (base 10) to base 2
-101101100011110
Convert 10885677 (base 9) to base 2.
10100010000111000110010
-110000000001111100011101 (base 2) to base 4
-300001330131
Convert 1010000001100100000101 (base 2) to base 13.
71014c
-101430363 (base 7) to base 16
-5ae5d1
What is -202143041 (base 5) in base 11?
-509a70
30106445 (base 7) to base 2
1001011111110101111011
102101120020 (base 3) to base 15
46679
Convert 227161 (base 15) to base 14.
30b165
What is 212223303 (base 5) in base 14?
195682
What is 21222222112201 (base 3) in base 8?
20157074
What is 12b10a4 (base 13) in base 4?
112130333021
Convert 1401420430 (base 5) to base 2.
1101100001100000011011
Convert -258025 (base 13) to base 12.
-37669a
Convert -115901 (base 10) to base 16.
-1c4bd
What is -111101000100001 (base 2) in base 7?
-160103
Convert -409274 (base 12) to base 11.
-630854
What is fd85 (base 16) in base 15?
1436b
Convert -5610622 (base 10) to base 16.
-559c7e
What is -2011236 (base 10) in base 14?
-3a4d5a
-110111011001010010 (base 2) to base 11
-145521
Convert -1100212031 (base 4) to base 10.
-330125
Convert 15662250 (base 7) to base 3.
2212121211020
Convert 1743752 (base 9) to base 6.
32512245
What is -271774 (base 9) in base 5?
-20243023
What is 4112312 (base 9) in base 6?
115001102
What is -270760 (base 13) in base 14?
-1a